 160829 prime?
True
Is 11363 a prime number?
False
Is 326083 a prime number?
True
Is 1292363 a prime number?
False
Is 7981 prime?
False
Is 78157 prime?
True
Is 1109 a composite number?
False
Is 4889 a composite number?
False
Is 248743 prime?
False
Is 23755 a prime number?
False
Is 706795 a prime number?
False
Is 312917 composite?
True
Is 3371 prime?
True
Is 9305 a prime number?
False
Is 1847 a composite number?
False
Is 7669 a prime number?
True
Is 16571 a composite number?
True
Is 37319 composite?
True
Is 30059 a prime number?
True
Is 1337 a composite number?
True
Is 222837 prime?
False
Is 623 a prime number?
False
Is 1364458 composite?
True
Is 642155 prime?
False
Is 874799 a composite number?
False
Is 3029603 composite?
False
Is 5003 a prime number?
True
Is 11983 a composite number?
True
Is 14309 composite?
True
Is 396001 composite?
False
Is 157721 a composite number?
False
Is 167395 a prime number?
False
Is 12347 a composite number?
False
Is 10671 a prime number?
False
Is 206819 a prime number?
True
Is 384141 a composite number?
True
Is 32603 prime?
True
Is 245239 a composite number?
True
Is 646823 prime?
True
Is 117071 prime?
True
Is 40657 a prime number?
False
Is 526 a prime number?
False
Is 28673 a composite number?
True
Is 1177427 prime?
True
Is 284393 prime?
False
Is 404087 a composite number?
True
Is 5331 a composite number?
True
Is 19 a composite number?
False
Is 28327 composite?
True
Is 4302733 prime?
True
Is 317651 a prime number?
True
Is 12514 a composite number?
True
Is 1009 composite?
False
Is 362383 prime?
False
Is 3389 a prime number?
True
Is 84937 a prime number?
False
Is 138259 composite?
True
Is 77761 prime?
True
Is 17833 composite?
True
Is 642883 a composite number?
True
Is 764481 a prime number?
False
Is 110743 prime?
False
Is 1177967 prime?
False
Is 24931 composite?
True
Is 1620161 prime?
True
Is 2537 a prime number?
False
Is 931157 prime?
False
Is 26303 composite?
True
Is 798751 prime?
True
Is 1121 prime?
False
Is 11401 prime?
False
Is 110681 prime?
True
Is 1387289 a prime number?
True
Is 149827 a prime number?
True
Is 293 prime?
True
Is 1086073 composite?
False
Is 4643 prime?
True
Is 4939 a composite number?
True
Is 274879 composite?
True
Is 26239 prime?
False
Is 2071219 composite?
True
Is 120107 a prime number?
False
Is 670093 a prime number?
False
Is 18187 prime?
False
Is 249 a prime number?
False
Is 4583 prime?
True
Is 55761 composite?
True
Is 94529 a composite number?
False
Is 17273 a composite number?
True
Is 7789 prime?
True
Is 480003 composite?
True
Is 913 prime?
False
Is 282401 prime?
False
Is 1163 a prime number?
True
Is 148823 prime?
False
Is 721 prime?
False
Is 627233 a prime number?
False
Is 213119 a prime number?
True
Is 656501 a composite number?
True
Is 4987 a composite number?
False
Is 5129 prime?
False
Is 63673 composite?
True
Is 277709 a composite number?
True
Is 699367 a prime number?
True
Is 84437 a composite number?
False
Is 1754 a composite number?
True
Is 24233 a composite number?
True
Is 45259 a composite number?
False
Is 71161 a composite number?
False
Is 62207 prime?
True
Is 635 prime?
False
Is 187043 prime?
True
Is 4201 a prime number?
True
Is 185291 a prime number?
True
Is 96079 a composite number?
False
Is 92733 composite?
True
Is 12179 prime?
False
Is 4083 composite?
True
Is 1363 composite?
True
Is 486431 prime?
False
Is 42487 a composite number?
False
Is 1958417 composite?
True
Is 18593 composite?
False
Is 12343 a prime number?
True
Is 4379 a composite number?
True
Is 39441 prime?
False
Is 572491 a composite number?
False
Is 260989 prime?
False
Is 4769 prime?
False
Is 6469 composite?
False
Is 137767 prime?
False
Is 1204069 composite?
True
Is 10661 a prime number?
False
Is 4271 prime?
True
Is 504521 composite?
False
Is 32629 prime?
False
Is 9383 composite?
True
Is 65167 composite?
False
Is 56807 a prime number?
True
Is 90638 a prime number?
False
Is 79 composite?
False
Is 815 composite?
True
Is 14731 a composite number?
False
Is 146581 a composite number?
False
Is 14485 composite?
True
Is 6547 prime?
True
Is 5381 a composite number?
False
Is 91209 composite?
True
Is 1439 a prime number?
True
Is 320009 prime?
True
Is 1242731 prime?
False
Is 117869 a composite number?
True
Is 1782529 composite?
True
Is 542441 a composite number?
False
Is 48943 prime?
False
Is 234142 composite?
True
Is 18397 composite?
False
Is 409873 a composite number?
True
Is 135535 prime?
False
Is 32947 a composite number?
True
Is 22207 a prime number?
False
Is 225889 prime?
True
Is 7493 a composite number?
True
Is 245437 a composite number?
False
Is 11953 composite?
False
Is 18895 prime?
False
Is 284803 a prime number?
True
Is 9733 prime?
True
Is 102413 a prime number?
False
Is 69409 composite?
True
Is 3299 prime?
True
Is 3288947 prime?
True
Is 48731 composite?
False
Is 979723 a prime number?
False
Is 37255 a composite number?
True
Is 359213 a prime number?
False
Is 55967 composite?
False
Is 13973 a composite number?
True
Is 28051 a prime number?
True
Is 56083 a prime number?
False
Is 55501 prime?
True
Is 40889 composite?
True
Is 941 prime?
True
Is 147661 a prime number?
True
Is 744811 a composite number?
False
Is 3347 a prime number?
True
Is 37 a composite number?
False
Is 672743 a composite number?
False
Is 797881 composite?
True
Is 1931 prime?
True
Is 8251 a composite number?
True
Is 37865 a composite number?
True
Is 4297 composite?
False
Is 11861 a composite number?
True
Is 13726 prime?
False
Is 2210687 prime?
False
Is 16759 composite?
False
Is 4759 prime?
True
Is 123659 a composite number?
True
Is 139813 prime?
True
Is 96989 a prime number?
True
Is 10357 a prime number?
True
Is 28235 composite?
True
Is 143743 a prime number?
True
Is 66137 a composite number?
False
Is 39953 a prime number?
True
Is 25618 prime?
False
Is 4049 a composite number?
False
Is 94873 composite?
False
Is 47627 a composite number?
True
Is 449789 a prime number?
False
Is 33339 a composite number?
True
Is 3643 composite?
False
Is 17899 a composite number?
True
Is 20014 prime?
False
Is 66919 composite?
False
Is 11138 a prime number?
False
Is 3251 a composite number?
False
Is 364051 a composite number?
True
Is 70937 a composite number?
False
Is 3793 prime?
True
Is 393251 prime?
False
Is 58079 a composite number?
True
Is 51749 a prime number?
True
Is 81899 a prime number?
True
Is 216857 prime?
False
Is 879797 composite?
False
Is 17533 a composite number?
True
Is 22601 a composite number?
True
Is 79358 a composite number?
True
Is 19559 a prime number?
True
Is 3457 a composite number?
False
Is 19157 prime?
True
Is 9311 a composite number?
False
Is 127885 composite?
True
Is 1397 a prime number?
False
Is 11013 composite?
True
Is 29717 composite?
False
Is 449243 a prime number?
True
Is 62249 composite?
True
Is 36463 a prime number?
False
Is 3049 prime?
True
Is 1865 prime?
False
Is 132989 a composite number?
False
Is 20885 a prime number?
False
Is 439723 composite?
False
Is 54601 a composite number?
False
Is 56417 a composite number?
False
Is 723337 a prime number?
True
Is 357079 composite?
False
Is 9803 composite?
False
Is 266663 composite?
False
Is 2887 prime?
True
Is 900611 composite?
True
Is 236981 prime?
True
Is 106427 a composite number?
False
Is 12989 a composite number?
True
Is 104929 composite?
True
Is 176459 a composite number?
False
Is 2623165 composite?
True
Is 6599 composite?
False
Is 121127 prime?
False
Is 19171 composite?
True
Is 4325651 prime?
False
Is 42589 prime?
True
Is 42289 prime?
False
Is 268883 a prime number?
True
Is 122063 composite?
True
Is 5602 composite?
True
Is 28869 prime?
False
Is 20179 composite?
True
Is 94469 a composite number?
True
Is 60583 prime?
False
Is 40187 a composite number?
True
Is 41069 composite?
True
Is 8765 prime?
False
Is 481 a prime number?
False
Is 7817 composite?
False
Is 1297617 prime?
False
Is 31757 composite?
True
Is 323951 prime?
True
Is 113923 composite?
True
Is 28349 prime?
True
Is 460457 prime?
False
Is 6247 a prime number?
True
Is 7613 a prime number?
False
Is 317398 composite?
True
Is 15701 prime?
False
Is 62749 a prime number?
False
Is 33107 prime?
True
Is 7121 a prime number?
True
Is 64941 composite?
True
Is 1129253 prime?
True
Is 3062807 composite?
True
Is 30787 prime?
False
Is 87509 a co